{"id":1056,"date":"2023-11-02T19:43:13","date_gmt":"2023-11-02T19:43:13","guid":{"rendered":"https:\/\/sofiagreff.com\/?page_id=1056"},"modified":"2023-11-02T19:43:13","modified_gmt":"2023-11-02T19:43:13","slug":"rorrim","status":"publish","type":"page","link":"https:\/\/sofiagreff.com\/?page_id=1056","title":{"rendered":"rorriM"},"content":{"rendered":"\n<p><br>Zeichnung auf Spiegel, 2021 Sofia Greff <\/p>\n\n\n\n<p>Beitrag zur Ausstellung <em>Reproduktion und Wirklichkeit<\/em>, Kunstverein NOK, 2021<\/p>\n\n\n\n<p>Der \u201eM\u00e4rchenartikel\u201c Spiegel ist das Medium per se um eine bildliche Reproduktion zu erzeugen und ist zur Pr\u00fcfung unseres Erscheinungsbildes nicht aus unseren Haushalten wegzudenken.<br>Heutzutage greift, wer gerade keinen Spiegel zur Hand hat, auch mal gerne zum Handy oder zum Tablett, um mit der Selbstportr\u00e4t-Fotofunktion sein Aussehen zu checken. H\u00e4lt man das Ger\u00e4t hingegen auf einen Spiegel, wiederholt sich das Abbild ins Unendliche.<\/p>\n\n\n\n<p>Sofia Greff hat in ihrer Arbeit sich selbst mit dem Tablett im Spiegel fotografiert und sich dabei auch auf den Spiegel gezeichnet.<br>Der Spiegel, die Zeichnung, der Bildschirm, die Fotografie: Jedes dieser Medien reproduzieren das Bild der K\u00fcnstlerin.<\/p>\n\n\n\n<p>Ein Selbstportr\u00e4t ist ein Selbstportr\u00e4t ist ein Selbstportr\u00e4t ist ein Selbstportr\u00e4t.<\/p>\n\n\n\n<p>Das Originalwerk, also die Spiegelzeichnung, wird in der Ausstellung nur als \u201eH\u00fclle\u201c zu sehen sein. Die \u201eF\u00fcllung\u201c kann der\/die BesucherIn, wenn erw\u00fcnscht, selbst sein.<br>Versuchen Sie es: Einmal vor den Spiegel stellen, so gut es geht an die K\u00f6rperumrisse anpassen und vielleicht ein Foto davon machen.<br><\/p>\n\n\n\n<figure class=\"wp-block-image size-large\"><img loading=\"lazy\" decoding=\"async\" width=\"708\" height=\"1024\" src=\"https:\/\/sofiagreff.com\/wp-content\/uploads\/2023\/11\/Reproduktion_rorriM-_SofiaGreff-708x1024.jpg\" alt=\"\" class=\"wp-image-1054\" srcset=\"https:\/\/sofiagreff.com\/wp-content\/uploads\/2023\/11\/Reproduktion_rorriM-_SofiaGreff-708x1024.jpg 708w, https:\/\/sofiagreff.com\/wp-content\/uploads\/2023\/11\/Reproduktion_rorriM-_SofiaGreff-207x300.jpg 207w, https:\/\/sofiagreff.com\/wp-content\/uploads\/2023\/11\/Reproduktion_rorriM-_SofiaGreff-768x1111.jpg 768w, https:\/\/sofiagreff.com\/wp-content\/uploads\/2023\/11\/Reproduktion_rorriM-_SofiaGreff-1062x1536.jpg 1062w, https:\/\/sofiagreff.com\/wp-content\/uploads\/2023\/11\/Reproduktion_rorriM-_SofiaGreff-1416x2048.jpg 1416w, https:\/\/sofiagreff.com\/wp-content\/uploads\/2023\/11\/Reproduktion_rorriM-_SofiaGreff-scaled.jpg 1770w\" sizes=\"auto, (max-width: 708px) 100vw, 708px\" \/><\/figure>\n\n\n\n<figure class=\"wp-block-gallery has-nested-images columns-default is-cropped wp-block-gallery-1 is-layout-flex wp-block-gallery-is-layout-flex\">\n<figure class=\"wp-block-image size-large\"><img loading=\"lazy\" decoding=\"async\" width=\"768\" height=\"1024\" data-id=\"1051\" src=\"https:\/\/sofiagreff.com\/wp-content\/uploads\/2023\/11\/PHOTO-2021-07-04-18-56-54-3-768x1024.jpg\" alt=\"\" class=\"wp-image-1051\" srcset=\"https:\/\/sofiagreff.com\/wp-content\/uploads\/2023\/11\/PHOTO-2021-07-04-18-56-54-3-768x1024.jpg 768w, https:\/\/sofiagreff.com\/wp-content\/uploads\/2023\/11\/PHOTO-2021-07-04-18-56-54-3-225x300.jpg 225w, https:\/\/sofiagreff.com\/wp-content\/uploads\/2023\/11\/PHOTO-2021-07-04-18-56-54-3-1152x1536.jpg 1152w, https:\/\/sofiagreff.com\/wp-content\/uploads\/2023\/11\/PHOTO-2021-07-04-18-56-54-3.jpg 1200w\" sizes=\"auto, (max-width: 706px) 89vw, (max-width: 767px) 82vw, 740px\" \/><\/figure>\n\n\n\n<figure class=\"wp-block-image size-large\"><img loading=\"lazy\" decoding=\"async\" width=\"768\" height=\"1024\" data-id=\"1052\" src=\"https:\/\/sofiagreff.com\/wp-content\/uploads\/2023\/11\/PHOTO-2021-07-04-18-56-54-768x1024.jpg\" alt=\"\" class=\"wp-image-1052\" srcset=\"https:\/\/sofiagreff.com\/wp-content\/uploads\/2023\/11\/PHOTO-2021-07-04-18-56-54-768x1024.jpg 768w, https:\/\/sofiagreff.com\/wp-content\/uploads\/2023\/11\/PHOTO-2021-07-04-18-56-54-225x300.jpg 225w, https:\/\/sofiagreff.com\/wp-content\/uploads\/2023\/11\/PHOTO-2021-07-04-18-56-54-1152x1536.jpg 1152w, https:\/\/sofiagreff.com\/wp-content\/uploads\/2023\/11\/PHOTO-2021-07-04-18-56-54.jpg 1200w\" sizes=\"auto, (max-width: 706px) 89vw, (max-width: 767px) 82vw, 740px\" \/><\/figure>\n\n\n\n<figure class=\"wp-block-image size-large\"><img loading=\"lazy\" decoding=\"async\" width=\"768\" height=\"1024\" data-id=\"1050\" src=\"https:\/\/sofiagreff.com\/wp-content\/uploads\/2023\/11\/PHOTO-2021-07-04-18-56-54-2-768x1024.jpg\" alt=\"\" class=\"wp-image-1050\" srcset=\"https:\/\/sofiagreff.com\/wp-content\/uploads\/2023\/11\/PHOTO-2021-07-04-18-56-54-2-768x1024.jpg 768w, https:\/\/sofiagreff.com\/wp-content\/uploads\/2023\/11\/PHOTO-2021-07-04-18-56-54-2-225x300.jpg 225w, https:\/\/sofiagreff.com\/wp-content\/uploads\/2023\/11\/PHOTO-2021-07-04-18-56-54-2-1152x1536.jpg 1152w, https:\/\/sofiagreff.com\/wp-content\/uploads\/2023\/11\/PHOTO-2021-07-04-18-56-54-2.jpg 1200w\" sizes=\"auto, (max-width: 706px) 89vw, (max-width: 767px) 82vw, 740px\" \/><\/figure>\n\n\n\n<figure class=\"wp-block-image size-large\"><img loading=\"lazy\" decoding=\"async\" width=\"768\" height=\"1024\" data-id=\"1053\" src=\"https:\/\/sofiagreff.com\/wp-content\/uploads\/2023\/11\/IMG_0723-768x1024.jpg\" alt=\"\" class=\"wp-image-1053\" srcset=\"https:\/\/sofiagreff.com\/wp-content\/uploads\/2023\/11\/IMG_0723-768x1024.jpg 768w, https:\/\/sofiagreff.com\/wp-content\/uploads\/2023\/11\/IMG_0723-225x300.jpg 225w, https:\/\/sofiagreff.com\/wp-content\/uploads\/2023\/11\/IMG_0723-1152x1536.jpg 1152w, https:\/\/sofiagreff.com\/wp-content\/uploads\/2023\/11\/IMG_0723-1536x2048.jpg 1536w, https:\/\/sofiagreff.com\/wp-content\/uploads\/2023\/11\/IMG_0723-scaled.jpg 1920w\" sizes=\"auto, (max-width: 706px) 89vw, (max-width: 767px) 82vw, 740px\" \/><\/figure>\n<\/figure>\n","protected":false},"excerpt":{"rendered":"<p>Zeichnung auf Spiegel, 2021 Sofia Greff Beitrag zur Ausstellung Reproduktion und Wirklichkeit, Kunstverein NOK, 2021 Der \u201eM\u00e4rchenartikel\u201c Spiegel ist das Medium per se um eine bildliche Reproduktion zu erzeugen und ist zur Pr\u00fcfung unseres Erscheinungsbildes nicht aus unseren Haushalten wegzudenken.Heutzutage greift, wer gerade keinen Spiegel zur Hand hat, auch mal gerne zum Handy oder zum &hellip; <\/p>\n<p class=\"link-more\"><a href=\"https:\/\/sofiagreff.com\/?page_id=1056\" class=\"more-link\"><span class=\"screen-reader-text\">\u201erorriM\u201c<\/span> weiterlesen<\/a><\/p>\n","protected":false},"author":1,"featured_media":0,"parent":0,"menu_order":0,"comment_status":"closed","ping_status":"closed","template":"","meta":{"footnotes":""},"class_list":["post-1056","page","type-page","status-publish","hentry"],"_links":{"self":[{"href":"https:\/\/sofiagreff.com\/index.php?rest_route=\/wp\/v2\/pages\/1056","targetHints":{"allow":["GET"]}}],"collection":[{"href":"https:\/\/sofiagreff.com\/index.php?rest_route=\/wp\/v2\/pages"}],"about":[{"href":"https:\/\/sofiagreff.com\/index.php?rest_route=\/wp\/v2\/types\/page"}],"author":[{"embeddable":true,"href":"https:\/\/sofiagreff.com\/index.php?rest_route=\/wp\/v2\/users\/1"}],"replies":[{"embeddable":true,"href":"https:\/\/sofiagreff.com\/index.php?rest_route=%2Fwp%2Fv2%2Fcomments&post=1056"}],"version-history":[{"count":1,"href":"https:\/\/sofiagreff.com\/index.php?rest_route=\/wp\/v2\/pages\/1056\/revisions"}],"predecessor-version":[{"id":1057,"href":"https:\/\/sofiagreff.com\/index.php?rest_route=\/wp\/v2\/pages\/1056\/revisions\/1057"}],"wp:attachment":[{"href":"https:\/\/sofiagreff.com\/index.php?rest_route=%2Fwp%2Fv2%2Fmedia&parent=1056"}],"curies":[{"name":"wp","href":"https:\/\/api.w.org\/{rel}","templated":true}]}}